{"id":5075,"date":"2010-12-23T21:20:28","date_gmt":"2010-12-23T20:20:28","guid":{"rendered":"http:\/\/www.triumphadonf.com\/v3\/?page_id=5075"},"modified":"2011-11-10T17:09:43","modified_gmt":"2011-11-10T16:09:43","slug":"contact","status":"publish","type":"page","link":"http:\/\/triumphadonf.com\/v3\/contact\/","title":{"rendered":"Contacter le webmaster"},"content":{"rendered":"<p><strong>Pour toutes demandes ou suggestions li\u00e9es au site www.triumphadonf.com, vous pouvez me contacter via le formulaire ci-dessous. Si vous pr\u00e9f\u00e9rez passer par votre messagerie classique, utilisez cet email :\u00a0<a href=\"mailto:webmaster@triumphadonf.com\">webmaster@triumphadonf.com<\/a><\/strong><\/p>\n<p>[contact-form-7 id=\u00a0\u00bb8923&Prime; title=\u00a0\u00bbContact form 1&Prime;]<\/p>\n","protected":false},"excerpt":{"rendered":"<p>Pour toutes demandes ou suggestions li\u00e9es au site www.triumphadonf.com, vous pouvez me contacter via le formulaire ci-dessous. Si vous pr\u00e9f\u00e9rez passer par votre messagerie classique, utilisez cet email :\u00a0webmaster@triumphadonf.com [contact-form-7 id=\u00a0\u00bb8923&Prime; title=\u00a0\u00bbContact form 1&Prime;]<\/p>\n","protected":false},"author":2,"featured_media":0,"parent":0,"menu_order":0,"comment_status":"open","ping_status":"open","template":"","meta":{"_monsterinsights_skip_tracking":false,"_monsterinsights_sitenote_active":false,"_monsterinsights_sitenote_note":"","_monsterinsights_sitenote_category":0,"footnotes":""},"class_list":["post-5075","page","type-page","status-publish"],"jetpack_sharing_enabled":true,"_links":{"self":[{"href":"http:\/\/triumphadonf.com\/v3\/wp-json\/wp\/v2\/pages\/5075","targetHints":{"allow":["GET"]}}],"collection":[{"href":"http:\/\/triumphadonf.com\/v3\/wp-json\/wp\/v2\/pages"}],"about":[{"href":"http:\/\/triumphadonf.com\/v3\/wp-json\/wp\/v2\/types\/page"}],"author":[{"embeddable":true,"href":"http:\/\/triumphadonf.com\/v3\/wp-json\/wp\/v2\/users\/2"}],"replies":[{"embeddable":true,"href":"http:\/\/triumphadonf.com\/v3\/wp-json\/wp\/v2\/comments?post=5075"}],"version-history":[{"count":0,"href":"http:\/\/triumphadonf.com\/v3\/wp-json\/wp\/v2\/pages\/5075\/revisions"}],"wp:attachment":[{"href":"http:\/\/triumphadonf.com\/v3\/wp-json\/wp\/v2\/media?parent=5075"}],"curies":[{"name":"wp","href":"https:\/\/api.w.org\/{rel}","templated":true}]}}