{"id":2894,"date":"2009-10-04T14:41:01","date_gmt":"2009-10-04T13:41:01","guid":{"rendered":"http:\/\/www.triumphadonf.com\/v3\/?page_id=2894"},"modified":"2009-10-04T15:05:20","modified_gmt":"2009-10-04T14:05:20","slug":"triumph-trophy-tr25w","status":"publish","type":"page","link":"http:\/\/triumphadonf.com\/v3\/triumph-trophy-tr25w\/","title":{"rendered":"Triumph Trophy TR25W"},"content":{"rendered":"<p style=\"margin-top: 5px; margin-right: 0px; margin-bottom: 15px; margin-left: 0px; text-align: justify; padding: 0px;\"><strong>P\u00e9riode de fabrication : <\/strong>1968 -1970 puis remplac\u00e9e par la TR25SS, c&rsquo;est le mod\u00e8le BSA B25 Starfire.<\/p>\n<p style=\"margin-top: 5px; margin-right: 0px; margin-bottom: 15px; margin-left: 0px; text-align: justify; padding: 0px;\"><strong>Historique : <\/strong>Ce mod\u00e8le \u00e9tait fabriqu\u00e9 par BSA en plusieurs versions, tout comme le reste de la gamme BSA &#8211; Triumph de l&rsquo;\u00e9poque.<br \/>\nCette machine existait donc \u00e0 la fois au catalogue BSA et au catalogue Triumph en version \u00ab\u00a0route\u00a0\u00bb et en version \u00ab\u00a0Trail\u00a0\u00bb.<br \/>\nLes diff\u00e9rences \u00e9taient assez minimes : pot d&rsquo;\u00e9chappement chrom\u00e9 et en cigare ou noir et relev\u00e9, b\u00e9quille centrale absente sur les \u00ab\u00a0trails\u00a0\u00bb, arbre \u00e0 came diff\u00e9rent.<br \/>\nElle \u00e9tait plut\u00f4t destin\u00e9e au march\u00e9 Am\u00e9ricain.<\/p>\n<p style=\"margin-top: 5px; margin-right: 0px; margin-bottom: 15px; margin-left: 0px; text-align: justify; padding: 0px;\"><strong>Photos :<\/strong><\/p>\n<p style=\"margin-top: 5px; margin-right: 0px; margin-bottom: 15px; margin-left: 0px; text-align: justify; padding: 0px;\">[nggallery id=29]<\/p>\n<p style=\"margin-top: 5px; margin-right: 0px; margin-bottom: 15px; margin-left: 0px; text-align: justify; padding: 0px;\"><strong><span style=\"font-weight: normal;\"><strong>Caract\u00e9ristiques Techniques : <\/strong> <\/span><\/strong><\/p>\n<p style=\"margin-top: 5px; margin-right: 0px; margin-bottom: 15px; margin-left: 0px; text-align: justify; padding: 0px;\"><em>&#8211; Moteur : <\/em>monocylindre 4 temps culbut\u00e9 (BSA C25 unit)<br \/>\n<em>&#8211; Cylindr\u00e9e : <\/em>250 cm<sup>3<\/sup><br \/>\n<em>&#8211; Al\u00e9sage x Course : <\/em>67&#215;70 mm<br \/>\n<em>&#8211; Puissance : <\/em>22ch \u00e0 8250 tr\/mn<br \/>\n<em>&#8211; Poids : <\/em>142 kg<br \/>\n<em>&#8211; Vitesse : <\/em>132 km\/h<\/p>\n<p style=\"margin-top: 5px; margin-right: 0px; margin-bottom: 15px; margin-left: 0px; text-align: justify; padding: 0px;\"><strong>Autre : <\/strong>Graissage \u00e0 carter sec, transmission primaire par cha\u00eene, bo\u00eete s\u00e9par\u00e9e, bo\u00eete \u00e0 quatre rapports.<br \/>\nPneus : Av : 3.25 x 19, Ar : 4.00 x 18<br \/>\nFreins : Av : double came \u00d8 178 mm, Ar : simple came \u00d8 178 mm<br \/>\nContenances : essence : 13.2 l, huile moteur : 2.27 l<br \/>\nCarburateur Amal \u00d8 28 mm<\/p>\n<p style=\"margin-top: 5px; margin-right: 0px; margin-bottom: 15px; margin-left: 0px; text-align: justify; padding: 0px;\"><object classid=\"clsid:d27cdb6e-ae6d-11cf-96b8-444553540000\" width=\"425\" height=\"344\" codebase=\"http:\/\/download.macromedia.com\/pub\/shockwave\/cabs\/flash\/swflash.cab#version=6,0,40,0\"><param name=\"allowFullScreen\" value=\"true\" \/><param name=\"allowscriptaccess\" value=\"always\" \/><param name=\"src\" value=\"http:\/\/www.youtube.com\/v\/q6aouoMwgzI&amp;hl=fr&amp;fs=1&amp;color1=0x3a3a3a&amp;color2=0x999999\" \/><param name=\"allowfullscreen\" value=\"true\" \/><\/object><\/p>\n<p style=\"margin-top: 5px; margin-right: 0px; margin-bottom: 15px; margin-left: 0px; text-align: justify; padding: 0px;\"><strong><em>Si vous souhaitez ajouter des images ou des informations sur cette page, n\u2019h\u00e9sitez pas \u00e0 m\u2019envoyer un email (<\/em><\/strong><a style=\"outline-style: none; outline-width: initial; outline-color: initial; color: #3173a3; padding: 0px; margin: 0px;\" href=\"mailto:webmaster@triumphadonf.com\" target=\"_blank\"><strong><em>webmaster@triumphadonf.com<\/em><\/strong><\/a><strong><em>) ou \u00e0 laisser un commentaire ci-dessous.<\/em><\/strong><\/p>\n","protected":false},"excerpt":{"rendered":"<p>P\u00e9riode de fabrication : 1968 -1970 puis remplac\u00e9e par la TR25SS, c&rsquo;est le mod\u00e8le BSA B25 Starfire. Historique : Ce mod\u00e8le \u00e9tait fabriqu\u00e9 par BSA en plusieurs versions, tout comme le reste de la gamme BSA &#8211; Triumph de l&rsquo;\u00e9poque. Cette machine existait donc \u00e0 la fois au catalogue BSA et au catalogue Triumph en [&hellip;]<\/p>\n","protected":false},"author":2,"featured_media":0,"parent":0,"menu_order":0,"comment_status":"open","ping_status":"open","template":"","meta":{"_monsterinsights_skip_tracking":false,"_monsterinsights_sitenote_active":false,"_monsterinsights_sitenote_note":"","_monsterinsights_sitenote_category":0,"footnotes":""},"class_list":["post-2894","page","type-page","status-publish"],"jetpack_sharing_enabled":true,"_links":{"self":[{"href":"http:\/\/triumphadonf.com\/v3\/wp-json\/wp\/v2\/pages\/2894","targetHints":{"allow":["GET"]}}],"collection":[{"href":"http:\/\/triumphadonf.com\/v3\/wp-json\/wp\/v2\/pages"}],"about":[{"href":"http:\/\/triumphadonf.com\/v3\/wp-json\/wp\/v2\/types\/page"}],"author":[{"embeddable":true,"href":"http:\/\/triumphadonf.com\/v3\/wp-json\/wp\/v2\/users\/2"}],"replies":[{"embeddable":true,"href":"http:\/\/triumphadonf.com\/v3\/wp-json\/wp\/v2\/comments?post=2894"}],"version-history":[{"count":0,"href":"http:\/\/triumphadonf.com\/v3\/wp-json\/wp\/v2\/pages\/2894\/revisions"}],"wp:attachment":[{"href":"http:\/\/triumphadonf.com\/v3\/wp-json\/wp\/v2\/media?parent=2894"}],"curies":[{"name":"wp","href":"https:\/\/api.w.org\/{rel}","templated":true}]}}